-3 - -3. Suppose l = 6*g - g + 30. Let q = -4 - g. List the prime factors of q.
2
Let c(s) = -2*s**3 - 3*s**2 + 4*s - 1. Let m be c(-3). Let o = 29 - m. What are the prime factors of o?
3, 5
Let r(p) = -p**2 - 6*p - 2. Let o be r(-5). Suppose o = 2*d - 33. Suppose 0 = 2*g - d. List the prime factors of g.
3
Let j = 11 - 6. Let a = j + -3. Suppose 4*v - 8 = 0, -v = -7*y + a*y + 43. List the prime factors of y.
3
Let q(s) = s**3 + 3*s**2 - 3*s - 3. List the prime factors of q(-3).
2, 3
Suppose -5*u + 2*u = -t - 42, -5*u - 3*t = -56. Suppose -2*z + 2*w + 11 = -u, 0 = 3*z - w - 46. What are the prime factors of z?
17
Let x = 4 - 3. Suppose g = -0*g - x. Let v = 4 + g. List the prime factors of v.
3
Suppose 68 = 4*a - 0*a. List the prime factors of a.
17
Let c(m) = 37*m**2 + 2. List the prime factors of c(-2).
2, 3, 5
Let b(z) = 5*z**2 - 4*z + 10. What are the prime factors of b(4)?
2, 37
Suppose -4*t + 23 + 5 = 0. Suppose n - 10 = t. What are the prime factors of n?
17
Suppose d = -0*d + 2. Suppose -2*x - d*x - 3*w = -24, -3*x = -5*w - 18. Suppose -55 = o - x*o. List the prime factors of o.
11
Suppose 0*s - 3*s + 3*i + 99 = 0, 0 = 3*s + 5*i - 139. List the prime factors of s.
2, 19
Suppose t = -4*a + 90, -3*a + 114 = 2*a + 2*t. List the prime factors of a.
2, 11
Suppose 0 = 4*z - 5 - 3. Let c = z + -3. List the prime factors of 23/3 - c/3.
2
Let x(j) = -j**3 + 6*j**2 + 5*j - 9. Let l be x(7). Let z = 1 - -39. Let c = l + z. List the prime factors of c.
17
Let i(p) = 6 + 7*p + 0*p - 10. List the prime factors of i(6).
2, 19
Suppose -3*l = 3*n - 24, 10*n - 5*n - 20 = -l. Suppose -l*t + 32 = -3*t. Suppose 20 = 4*x - t. What are the prime factors of x?
3
Let f(x) = -3 + 6 + 2 - 3 - x + x**2. List the prime factors of f(2).
2
Suppose -s + 10 = -3. Suppose -3*w + 2 = -s. Suppose -70 = w*b - 10*b. List the prime factors of b.
2, 7
Let i = 148 - 130. List the prime factors of i.
2, 3
Let f(y) = -y**2 - 5*y - 1. Let z(x) = -x + 0 + 1 + 2*x**2 - 4*x**2. Let p be z(1). List the prime factors of f(p).
5
Let i(p) = -p**3 + p**2 + 2*p + 104. List the prime factors of i(0).
2, 13
Let h(l) = 2*l - 1. Let b be h(1). Let k = b - 4. Let x(y) = -2*y + 1. What are the prime factors of x(k)?
7
Let n = 134 + 2. Suppose -j + n = 3*j. List the prime factors of j.
2, 17
Let v = 40 + 45. List the prime factors of v.
5, 17
Let q(p) = -p**3 - 7*p**2 - 3*p - 2. Let c(n) = 2*n + 14*n**2 + 2 + 0*n**3 + n**3 - 6*n**2. Let u(z) = -2*c(z) - 3*q(z). List the prime factors of u(-3).
5
Let k = -18 + 21. Suppose 64 = k*v - 50. What are the prime factors of v?
2, 19
Let h = -39 - -105. List the prime factors of h.
2, 3, 11
Suppose 2*o - 111 + 3 = 0. What are the prime factors of o?
2, 3
Let m be 2/3*(-3)/1. What are the prime factors of (0 - m - -10) + 1?
13
Suppose -v + 65 = -q - 11, -q = -2*v + 154. What are the prime factors of v?
2, 3, 13
Suppose 0 = -2*i + 2, -n + 4*i = -9 - 0. List the prime factors of n.
13
Let n = -50 - -96. List the prime factors of n.
2, 23
Let p(o) = -o**3 + o. Let q be p(-1). Suppose -4*z + 0 - 4 = q. List the prime factors of 2 + (-24)/(3/z).
2, 5
Let w(y) be the first derivative of -y**3/3 + 5*y**2/2 + 2*y + 1. List the prime factors of w(3).
2
Suppose j + i = 3, 5*i + 1 = 6. Suppose -22 + 8 = -a + 5*m, -2*m = j. What are the prime factors of a?
3
Suppose -2*b + 24 + 72 = 0. List the prime factors of 4 + b/(-3 - -4).
2, 13
Let h be (2/(-4))/((-2)/8). Suppose -12 = 3*k + 3*g, -6*g + h*g = -k + 21. List the prime factors of ((-14)/(-4))/(k/2).
7
Let y(k) = k**2 + k - 2. Let s be y(2). Suppose 9*l = -3*q + s*l - 7, 4*q + 2*l = 14. Suppose -q*h = -3*h - 39. List the prime factors of h.
13
Let k(j) = j + 2. Let p be k(-2). Suppose 0 = -p*b - b + 42. What are the prime factors of b?
2, 3, 7
Let b be (112/(-35))/((-4)/30). List the prime factors of 1/(-3) + 56/b.
2
Suppose 5*d = 6 + 4. Let x be d + (2 - -32)/2. Let z = x + 1. What are the prime factors of z?
2, 5
Suppose -q + a + 62 = 0, -4*a - a = -4*q + 253. Let u = q + -33. List the prime factors of u.
2, 3
Let j be -1*8 + 2 - 0. Let t = 9 + j. What are the prime factors of t?
3
Let c = 1 + 0. Let s be (2 + -1)*c + 2. Suppose 0 = 6*y - s*y - 36. What are the prime factors of y?
2, 3
Suppose 0 = -6*p + 43 + 755. List the prime factors of p.
7, 19
Suppose -2*g + 15 = -9. Suppose 3*f + 8 = 5*f. Suppose -f*m + g = -m. What are the prime factors of m?
2
Let g(d) = -d + 3. List the prime factors of g(-6).
3
Suppose 36 = 3*t - 0. Let d be (279/(-6))/((-9)/t). Suppose -3*s - 9 = 0, -2*s = -3*i - i + d. What are the prime factors of i?
2, 7
What are the prime factors of ((-34)/(-6))/((-11)/(-99))?
3, 17
Let y be 2/(-3 + 21/6). Suppose 0 = -y*p + 8*p - 64. List the prime factors of p.
2
Let r(z) = z**3 + 3*z**2 - 6*z - 4. Let l be r(-4). Suppose l*u + 1 = 13. Suppose u*v = 7 + 11. What are the prime factors of v?
2, 3
Suppose -81*q + 117 = -80*q. List the prime factors of q.
3, 13
Let y = -11 - -15. Suppose -y*l - 41 = 39. Let n = -9 - l. What are the prime factors of n?
11
Suppose 5*d + 10 = 7*d. Let k(q) = -q**2 + 5*q + 2. Let b be k(6). List the prime factors of ((-8)/d)/(b/10).
2
Let s(o) = o**2 + 2*o + 2. Let n be s(-2). What are the prime factors of 0 + (0 - (-24)/n)?
2, 3
Let c be -3 - ((-2)/(-1) - -1). List the prime factors of (c - -2)*2/(-4).
2
Let m(j) = 46*j - 2. What are the prime factors of m(1)?
2, 11
Let q = 97 - 65. List the prime factors of q.
2
Let z = -6 + 9. Let n(y) = z*y + 9*y**2 - 3*y - y**3 + 0*y**3 + 7. List the prime factors of n(9).
7
Let v(b) = 5*b**3 + 4. List the prime factors of v(3).
139
Suppose t = 3*t - 14. Let n = t - 9. Let q(u) = -u**3 - u**2 - u - 2. What are the prime factors of q(n)?
2
Suppose 2*f - h = 5*f - 31, -5*f + 46 = -4*h. What are the prime factors of f?
2, 5
Suppose o = -4*o + 285. List the prime factors of o.
3, 19
Let d = 7 + -3. Suppose 4*b + 2*v = 82, 8*v + 52 = 4*b + d*v. What are the prime factors of b?
2, 3
Let d(l) = -4*l**3 - 6*l**2 + 5*l - 6. Let v(t) = -11*t**3 - 18*t**2 + 15*t - 18. Let m(j) = 8*d(j) - 3*v(j). What are the prime factors of m(-6)?
2, 3
Let u(n) = n**2 - n - 4. Let y be u(4). Suppose -w + y = w. List the prime factors of w/14 + 244/28.
3
Let k(l) = l**2 - 4*l + 2. Suppose 4*h + 4 = -2*q + 7*q, -h + q = 0. Let v be k(h). What are the prime factors of (-3)/(v/(-16)*3)?
2
Suppose p - 26 = 3*i, 3*p + 4*i - 64 = 79. Suppose -3*b - 101 = -5*w + 12, -w - 4*b + p = 0. List the prime factors of w.
5
Let r(m) = m**2 - 5*m - 1. Let l be r(4). Let t be 5/(1/(-3)*-3). Let h = t - l. List the prime factors of h.
2, 5
Suppose 117 + 271 = 4*l. What are the prime factors of l?
97
What are the prime factors of 50 + 9*(-1)/(-3)?
53
Suppose w - 2*w - 3*c = -8, 16 = 3*w + 5*c. What are the prime factors of w?
2
Let q(u) = -u**2 + 4*u. Let z = 0 + 3. Let j be q(z). Suppose 5*t + 8*p - j*p - 20 = 0, 0 = 3*t + 2*p - 17. List the prime factors of t.
3
Let i(m) = -13*m. List the prime factors of i(-1).
13
Let k(w) = 16*w**2 - 34*w + 30. Let q(y) = 3*y**2 - 7*y + 6. Let d(o) = 2*k(o) - 11*q(o). What are the prime factors of d(6)?
2, 3
Let h = 46 + -35. What are the prime factors of h?
11
What are the prime factors of (-1)/(-1*(-2)/(-244))?
2, 61
Suppose 2*r + 8 + 36 = -3*z, r + 4 = 0. Let p be (12 - 0)/(-2) - -2. Let m = p - z. What are the prime factors of m?
2
Let h(v) = 9*v - 3. List the prime factors of h(3).
2, 3
Let w be 9/2 - 2/4. Let k be (12/(-14))/(2/(-14)). Suppose -k = -m + w. What are the prime factors of m?
2, 5
Suppose -j + 2*j = 7. Let m = -5 + j. What are the prime factors of m?
2
Suppose 8*w + 8*w - 3296 = 0. List the prime factors of w.
2, 103
Let z(g) = g**3 - 3*g**2 - 4*g + 5. Let o be z(4). Suppose o*m = 135 - 30. List the prime factors of m.
3, 7
Let p = 50 + -26. Suppose -c - 16 - 13 = -3*o, 28 = 4*o - 4*c. Let n = p - o. List the prime factors of n.
13
Let g be (0 + 12)*1 - 2. What are the prime factors of (-4)/g - (-306)/15?
2, 5
Let o(k) = -k**3 + 3*k**2 + 2. Let h be o(2). Let v(j) = 2*j - 9. List the prime factors of v(h).
3
Let l(y) = -4*y**3 - 3*y**2 - y. What are the prime factors of l(-2)?
2, 11
Let b be 60/9*60/8. Suppose 7*k - b = 2*k. List the prime factors of k.
2, 5
Suppose -r + 44 = -i, r - 38 = -2*i - 3*i. List the prime fact